{"id":800,"date":"2013-07-15T10:47:21","date_gmt":"2013-07-15T08:47:21","guid":{"rendered":"http:\/\/dmc-online.com\/wordpress\/?page_id=800"},"modified":"2024-01-08T21:18:30","modified_gmt":"2024-01-08T20:18:30","slug":"formulare-infoblaetter","status":"publish","type":"page","link":"https:\/\/dmc-online.com\/wordpress\/downloads\/formulare-infoblaetter\/","title":{"rendered":"Formulare \/ Infobl\u00e4tter"},"content":{"rendered":"<p>Die nachfolgenden Dateien stehen zum Download bereit:<\/p>\n<p><strong>Vereinsgr\u00fcndung<\/strong><br \/>\nInformationen zur Vereinsgr\u00fcndung<br \/>\n<img src=\"\/wordpress\/wp-content\/themes\/dmc-online\/images\/zip.gif\" alt=\"\" \/> <a href=\"http:\/\/www.dmc-online.com\/NeueSeite\/downloads\/gruendung.zip\">Download<\/a><\/p>\n<p><strong>Rennleiterbericht<\/strong><br \/>\n<img src=\"\/wordpress\/wp-content\/themes\/dmc-online\/images\/pdf.gif\" alt=\"\" \/> <a href=\"http:\/\/www.dmc-online.com\/NeueSeite\/documents\/Rennleiterbericht.pdf\" target=\"_blank\" rel=\"noopener\">Vorlage Rennleiterbericht<\/a> (interaktiv)*<\/p>\n<p><strong>Protestformular<\/strong><br \/>\n<img src=\"\/wordpress\/wp-content\/themes\/dmc-online\/images\/pdf.gif\" alt=\"\" \/> <a href=\"http:\/\/www.dmc-online.com\/NeueSeite\/documents\/Protestformular.pdf\" target=\"_blank\" rel=\"noopener\">Protestformular<\/a> (interaktiv)*<\/p>\n<p><strong>Eidesstattliche Erkl\u00e4rung<\/strong><br \/>\n<img src=\"\/wordpress\/wp-content\/themes\/dmc-online\/images\/pdf.gif\" alt=\"\" \/> <a href=\"https:\/\/dmc-online.org\/wordpress\/wp-content\/uploads\/2013\/07\/EidesstattlicheErklaerung_interaktiv2020.pdf\" target=\"_blank\" rel=\"noopener\">Eidesstattliche Erkl\u00e4rung<\/a>\u00a0(wenn der DMC Ausweis nicht vorhanden ist \/ interaktiv)*<\/p>\n<p><strong>Sportkreisummeldung<\/strong><br \/>\n<img src=\"\/wordpress\/wp-content\/themes\/dmc-online\/images\/pdf.gif\" alt=\"\" \/>\u00a0<a href=\"https:\/\/dmc-online.org\/wordpress\/wp-content\/uploads\/2013\/07\/SportkreisummeldungFormular2022.pdf\" target=\"_blank\" rel=\"noopener\">Sportkreisummeldung<\/a> (Interaktiv)*<\/p>\n<p><strong>Datenbl\u00e4tter<\/strong><br \/>\n<img src=\"\/wordpress\/wp-content\/themes\/dmc-online\/images\/pdf.gif\" alt=\"\" \/> <a href=\"https:\/\/dmc-online.org\/wordpress\/wp-content\/uploads\/2013\/12\/DatenblattMitglieder.pdf\" target=\"_blank\" rel=\"noopener\">Datenblatt Mitglieder<\/a>\u00a0(interaktiv)*<br \/>\n<img src=\"\/wordpress\/wp-content\/themes\/dmc-online\/images\/pdf.gif\" alt=\"\" \/>\u00a0<a href=\"https:\/\/dmc-online.org\/wordpress\/wp-content\/uploads\/2013\/12\/DatenblattOrtsclub.pdf\" target=\"_blank\" rel=\"noopener\">Datenblatt Vereine<\/a>\u00a0(interaktiv)*<\/p>\n<p><strong>Einzugserm\u00e4chtigung \/ SEPA Lastschriftmandat<\/strong><br \/>\n<img src=\"\/wordpress\/wp-content\/themes\/dmc-online\/images\/pdf.gif\" alt=\"\" \/><a href=\"https:\/\/dmc-online.org\/wordpress\/wp-content\/uploads\/2013\/12\/Einzugsermaechtigung-und-SEPA.pdf\" target=\"_blank\" rel=\"noopener\">Einzugserm\u00e4chtigung und SEPA<\/a> (interaktiv)*<\/p>\n<p><strong>Unterst\u00fctzungen<\/strong><br \/>\n<img src=\"\/wordpress\/wp-content\/themes\/dmc-online\/images\/pdf.gif\" alt=\"\" \/> <a href=\"http:\/\/www.dmc-online.com\/NeueSeite\/documents\/Unterstuetzungen.pdf\" target=\"_blank\" rel=\"noopener\">\u00dcnterst\u00fctzung durch den DMC<\/a><\/p>\n<p><strong>Infoblatt Mitgliedschaft + Bestandsmeldung<\/strong><br \/>\n<img src=\"\/wordpress\/wp-content\/themes\/dmc-online\/images\/pdf.gif\" alt=\"\" \/> <a href=\"http:\/\/www.dmc-online.com\/NeueSeite\/documents\/Mitgliedschaft_und_Bestandsmeldungen.pdf\" target=\"_blank\" rel=\"noopener\">Informationen bzgl. DMC-Mitgliedschaft und Bestandsmeldung<\/a><\/p>\n<p><strong>Infoblatt Startgelder internationale Rennen<\/strong><br \/>\n<img src=\"\/wordpress\/wp-content\/themes\/dmc-online\/images\/pdf.gif\" alt=\"\" \/> <a href=\"http:\/\/www.dmc-online.com\/NeueSeite\/documents\/Startgelder_internationale_Rennen.pdf\" target=\"_blank\" rel=\"noopener\">Informationen Startgelder internationale Rennen<\/a><\/p>\n<p><strong>Baukostenzuschuss (Stand 13.01.2018)<\/strong><br \/>\n<img src=\"\/wordpress\/wp-content\/themes\/dmc-online\/images\/pdf.gif\" alt=\"\" \/> <a href=\"http:\/\/www.dmc-online.com\/NeueSeite\/documents\/baukostenzuschuss.pdf\" target=\"_blank\" rel=\"noopener\">Antrag auf Baukostenzuschuss<\/a>\u00a0(interaktiv)*<\/p>\n<p><strong>Equipmentzuschuss (Stand 14.01.2018)<\/strong><br \/>\n<img src=\"\/wordpress\/wp-content\/themes\/dmc-online\/images\/pdf.gif\" alt=\"\" \/>\u00a0<a href=\"http:\/\/www.dmc-online.com\/NeueSeite\/documents\/Equipmentzuschuss.pdf\" target=\"_blank\" rel=\"noopener\">Antrag auf Equipmentzuschuss<\/a>\u00a0(interaktiv)*<\/p>\n<p><strong>Pokalbestellungen \u00fcber Mauritz-Pokale<\/strong><br \/>\n<img src=\"\/wordpress\/wp-content\/themes\/dmc-online\/images\/pdf.gif\" alt=\"\" \/> <a href=\"https:\/\/dmc-online.org\/wordpress\/wp-content\/uploads\/2015\/02\/Pokalbestellungen-Mauritz.pdf\" target=\"_blank\" rel=\"noopener\">Infomationen zum Bestellvorgang<\/a><br \/>\n<img src=\"\/wordpress\/wp-content\/themes\/dmc-online\/images\/pdf.gif\" alt=\"\" \/> <a href=\"https:\/\/dmc-online.org\/wordpress\/wp-content\/uploads\/2015\/02\/Vorlage-Pokalbestellung-Mauritz.pdf\" target=\"_blank\" rel=\"noopener\">Bestellformular<\/a>(interaktiv)*<\/p>\n<p>Hinweis: Zum \u00d6ffnen der PDF-Dokumente ben\u00f6tigen sie den kostenlosen Adobe\u00ae-Reader von Adobe\u00ae.<\/p>\n<p>* Bei manchen Browsern (haupts\u00e4chlich Firefox\/Google Chrome) kann es zu Fehlermeldungen bei den interaktiven Formularen kommen.<br \/>\nIn diesem Fall bitte das entsprechende Formular \u00fcber das Kontextmen\u00fc (Rechter Mausklick auf das Formular\/Verlinkten Inhalt speichern) downloaden, und anschlie\u00dfend mit Adobe\u00ae-Reader \u00f6ffnen.<\/p>\n","protected":false},"excerpt":{"rendered":"<p>Die nachfolgenden Dateien stehen zum Download bereit: Vereinsgr\u00fcndung Informationen zur Vereinsgr\u00fcndung Download Rennleiterbericht Vorlage Rennleiterbericht (interaktiv)* Protestformular Protestformular (interaktiv)* Eidesstattliche Erkl\u00e4rung Eidesstattliche Erkl\u00e4rung\u00a0(wenn der DMC Ausweis nicht vorhanden ist \/ interaktiv)* Sportkreisummeldung \u00a0Sportkreisummeldung (Interaktiv)* Datenbl\u00e4tter Datenblatt Mitglieder\u00a0(interaktiv)* \u00a0Datenblatt Vereine\u00a0(interaktiv)* Einzugserm\u00e4chtigung \/ SEPA Lastschriftmandat Einzugserm\u00e4chtigung und SEPA (interaktiv)* Unterst\u00fctzungen \u00dcnterst\u00fctzung durch den DMC Infoblatt Mitgliedschaft + [&hellip;]<\/p>\n","protected":false},"author":1,"featured_media":0,"parent":18,"menu_order":0,"comment_status":"closed","ping_status":"open","template":"","meta":[],"_links":{"self":[{"href":"https:\/\/dmc-online.com\/wordpress\/wp-json\/wp\/v2\/pages\/800"}],"collection":[{"href":"https:\/\/dmc-online.com\/wordpress\/wp-json\/wp\/v2\/pages"}],"about":[{"href":"https:\/\/dmc-online.com\/wordpress\/wp-json\/wp\/v2\/types\/page"}],"author":[{"embeddable":true,"href":"https:\/\/dmc-online.com\/wordpress\/wp-json\/wp\/v2\/users\/1"}],"replies":[{"embeddable":true,"href":"https:\/\/dmc-online.com\/wordpress\/wp-json\/wp\/v2\/comments?post=800"}],"version-history":[{"count":50,"href":"https:\/\/dmc-online.com\/wordpress\/wp-json\/wp\/v2\/pages\/800\/revisions"}],"predecessor-version":[{"id":16271,"href":"https:\/\/dmc-online.com\/wordpress\/wp-json\/wp\/v2\/pages\/800\/revisions\/16271"}],"up":[{"embeddable":true,"href":"https:\/\/dmc-online.com\/wordpress\/wp-json\/wp\/v2\/pages\/18"}],"wp:attachment":[{"href":"https:\/\/dmc-online.com\/wordpress\/wp-json\/wp\/v2\/media?parent=800"}],"curies":[{"name":"wp","href":"https:\/\/api.w.org\/{rel}","templated":true}]}}