{"id":5200,"date":"2016-03-22T21:55:35","date_gmt":"2016-03-22T20:55:35","guid":{"rendered":"http:\/\/dmc-online.com\/wordpress\/?page_id=5200"},"modified":"2026-04-01T21:15:27","modified_gmt":"2026-04-01T19:15:27","slug":"verbrenner-offroad","status":"publish","type":"page","link":"https:\/\/dmc-online.com\/wordpress\/reglement\/verbrenner-offroad\/","title":{"rendered":"Reglement Teil C (Verbrenner Offroad 1:8 + Elektro Offroad 1:8)"},"content":{"rendered":"<p>&#8211; <img src=\"\/wordpress\/wp-content\/themes\/dmc-online\/images\/pdf.gif\" alt=\"\" \/> <a href=\"http:\/\/www.dmc-online.com\/NeueSeite\/documents\/Jahrbuch2026_C.pdf\" target=\"_blank\" rel=\"noopener\">DMC Reglement 2026 Teil C (Sektion.Off-Road)<\/a><\/p>\n<hr \/>\n<p>Reglement\u00e4nderung gem\u00e4ss Ver\u00f6ffenlichung aus Referentenbeschl\u00fcsse:<\/p>\n<p><strong>5.2 \u00a0\u00a0\u00a0\u00a0\u00a0\u00a0 Verbrenner Offroad Truggy (ORT)<br \/>\n<\/strong><strong>5.2.6\u00a0\u00a0\u00a0\u00a0 Reifen<br \/>\n<\/strong>An den Reifen sind alle Hilfsmittel, die nicht aus Gummi sind (Spikes, Ketten,\u00a0 u.\u00e4.), verboten. Die Reifen m\u00fcssen mindestens 60 mm breit sein und einen Durchmesser von 135 mm haben.<br \/>\n<em>F\u00fcr die Deutsche Meisterschaft wird ein Einheitsreifen verwendet, der dort durch alle zu verwenden ist. \u2013 siehe 8.1 Technische Spezifikationen. <\/em><br \/>\n<em>Die Reifen d\u00fcrfen unter den Fahren nicht getauscht werden. Wird von einem Fahrer ein nicht markierter Reifen eingesetzt so wird dieser Lauf gestrichen. Reifengeld ist sp\u00e4testens, verbindlich mit dem Nenngeld zu \u00fcberweisen.<\/em><\/p>\n<p><strong>5.3.\u00a0\u00a0\u00a0\u00a0\u00a0 ORET<br \/>\n5.<\/strong><strong>3.6\u00a0\u00a0\u00a0 Reifen<br \/>\n<\/strong>An den Reifen sind alle Hilfsmittel (Spikes, Ketten etc.), die nicht aus Gummi sind, verboten. Moos-Zell-Gummi-Reifen sind nicht erlaubt. Die Reifen m\u00fcssen mindestens 60 mm breit sein und einen Durchmesser von <em>135 mm<\/em> haben.<br \/>\n<em>F\u00fcr die Deutsche Meisterschaft wird ein Einheitsreifen verwendet, der dort durch alle zu verwenden ist. \u2013 siehe 8.1 Technische Spezifikationen. <\/em><br \/>\n<em>Die Reifen d\u00fcrfen unter den Fahren nicht getauscht werden. Wird von einem Fahrer ein nicht markierter Reifen eingesetzt so wird dieser Lauf gestrichen. Reifengeld ist sp\u00e4testens, verbindlich mit dem Nenngeld zu \u00fcberweisen.<\/em><\/p>\n<p><em><strong>8. Technische Spezifikation<br \/>\n<\/strong><strong>8.1 Reifen<br \/>\n<\/strong><strong>8.1.1 Einheitsreifen DM ORT\/ORET<br \/>\n<\/strong>Bei der deutschen Meisterschaft werden Einheitsreifen, als fertigverklebte Komplettreifen gefahren. Diese werden f\u00fcr die Vor- und die Finall\u00e4ufe durch den Veranstalter zur Verf\u00fcgung gestellt und m\u00fcssen bei den deutschen Meisterschaften beim Veranstalter gekauft werden. Der Lieferant wird in einer entsprechenden Ausschreibung und Bewertung ermittelt.<\/em><\/p>\n<p><em><strong>8.1.2 Auswahlverfahren<br \/>\n<\/strong>Zur Ermittlung des DM Reifen wird ein Angebotsverfahren durchgef\u00fchrt. Basis f\u00fcr die Reifenqualit\u00e4t bilden unter anderem vor beschriebene Reifenspezifikation im Teil C \u2013 Abs. 5.2.6 (Reifen ORT) bzw. Teil C \u2013 Abs. 5.3.6.(Reifen ORET).<\/em><br \/>\n<em>Die Angebotsanforderung und Bereitstellung der Unterlagen erfolgt \u00fcber die Hompage. Als Basis f\u00fcr die Kalkulation der DM Reifen wird aktuell ein Teilnehmerfeld der letzten DM angenommen. Der Zuschlag erfolgt in Abstimmung mit dem austragenden Verein und dem OR Referenten.\u00a0<\/em><\/p>\n<p><em>Die Reifen sind in ausreichender Anzahl sp\u00e4testens eine Woche vor der Veranstaltung beim Ausrichter anzuliefern. <\/em><br \/>\n<em>Weitere Vorgehensweisen werden, falls erforderlich in der zus\u00e4tzlichen, erg\u00e4nzenden \u201eReifen Leistungsbeschreibung\u201c festgelegt, die mit den jeweiligen Ausschreibungsunterlagen ver\u00f6ffentlicht werden.<\/em><br \/>\n<em>Kann\u00a0 kein wertbares Angebot innerhalb der Angebotsfrist ermittelt werden, wird der Reifen vom verantwortlichen Referenten f\u00fcr die Saison zum 15.05. festgelegt.<\/em><\/p>\n<p>&nbsp;<\/p>\n","protected":false},"excerpt":{"rendered":"<p>&#8211; DMC Reglement 2026 Teil C (Sektion.Off-Road) Reglement\u00e4nderung gem\u00e4ss Ver\u00f6ffenlichung aus Referentenbeschl\u00fcsse: 5.2 \u00a0\u00a0\u00a0\u00a0\u00a0\u00a0 Verbrenner Offroad Truggy (ORT) 5.2.6\u00a0\u00a0\u00a0\u00a0 Reifen An den Reifen sind alle Hilfsmittel, die nicht aus Gummi sind (Spikes, Ketten,\u00a0 u.\u00e4.), verboten. Die Reifen m\u00fcssen mindestens 60 mm breit sein und einen Durchmesser von 135 mm haben. F\u00fcr die Deutsche Meisterschaft wird [&hellip;]<\/p>\n","protected":false},"author":3,"featured_media":0,"parent":5190,"menu_order":0,"comment_status":"closed","ping_status":"closed","template":"","meta":[],"_links":{"self":[{"href":"https:\/\/dmc-online.com\/wordpress\/wp-json\/wp\/v2\/pages\/5200"}],"collection":[{"href":"https:\/\/dmc-online.com\/wordpress\/wp-json\/wp\/v2\/pages"}],"about":[{"href":"https:\/\/dmc-online.com\/wordpress\/wp-json\/wp\/v2\/types\/page"}],"author":[{"embeddable":true,"href":"https:\/\/dmc-online.com\/wordpress\/wp-json\/wp\/v2\/users\/3"}],"replies":[{"embeddable":true,"href":"https:\/\/dmc-online.com\/wordpress\/wp-json\/wp\/v2\/comments?post=5200"}],"version-history":[{"count":19,"href":"https:\/\/dmc-online.com\/wordpress\/wp-json\/wp\/v2\/pages\/5200\/revisions"}],"predecessor-version":[{"id":23771,"href":"https:\/\/dmc-online.com\/wordpress\/wp-json\/wp\/v2\/pages\/5200\/revisions\/23771"}],"up":[{"embeddable":true,"href":"https:\/\/dmc-online.com\/wordpress\/wp-json\/wp\/v2\/pages\/5190"}],"wp:attachment":[{"href":"https:\/\/dmc-online.com\/wordpress\/wp-json\/wp\/v2\/media?parent=5200"}],"curies":[{"name":"wp","href":"https:\/\/api.w.org\/{rel}","templated":true}]}}