{"id":46,"date":"2013-04-08T10:35:12","date_gmt":"2013-04-08T08:35:12","guid":{"rendered":"http:\/\/dmc-online.com\/wordpress\/?page_id=46"},"modified":"2026-01-11T08:40:09","modified_gmt":"2026-01-11T07:40:09","slug":"praesidium","status":"publish","type":"page","link":"https:\/\/dmc-online.com\/wordpress\/verband\/praesidium\/","title":{"rendered":"Pr\u00e4sidium"},"content":{"rendered":"<p><strong>Mitglieder Pr\u00e4sidium<\/strong><\/p>\n<p><strong>&#8211; Pr\u00e4sident &#8211;<\/strong><br \/>\nDirk Horn<br \/>\nGretenrade 31<br \/>\n24232 Sch\u00f6nkirchen<br \/>\nE-Mail: <a href=\"mailto:praesident@dmc-online.com\">praesident@dmc-online.com<\/a><\/p>\n<p><strong>&#8211; Vizepr\u00e4sident &#8211;<\/strong><br \/>\nThomas Kohmann<br \/>\nHeinrichstr.34<br \/>\n96129 Strullendorf<br \/>\nE-Mail: <a href=\"mailto:vizepraesident@dmc-online.com\">vizepraesident@dmc-online.com<\/a><\/p>\n<p><strong>&#8211; Schatzmeisterin &#8211;<\/strong><br \/>\nMandy Morgenstern<br \/>\nE-Mail: <a href=\"mailto:schatzmeister@dmc-online.com\">schatzmeister@dmc-online.com<\/a><\/p>\n<p><strong>&#8211; Schriftf\u00fchrer &#8211;<\/strong><br \/>\nPeter Leue<br \/>\nLindenallee 21<br \/>\n04442 Zwenkau<br \/>\nE-Mail: <a href=\"mailto:schriftfuehrer@dmc-online.com\">schriftfuehrer@dmc-online.com<\/a><\/p>\n<p><strong>&#8211; Referent EG &#8211;<\/strong><br \/>\nMatthias Lischke<br \/>\nWalnu\u00dfweg 23<br \/>\n39116 Magdeburg<br \/>\nE-Mail: <a href=\"mailto:EGreferent@dmc-online.com\">EGreferent@dmc-online.com<\/a><\/p>\n<p><strong>&#8211; Referent ORE &#8211;<\/strong><br \/>\nSteffen Kunz<br \/>\nHofstr. 18<br \/>\n66894 Lambsborn<br \/>\nE-Mail:\u00a0<a href=\"mailto:Orereferent@dmc-online.com\">OREreferent@dmc-online.com<\/a><\/p>\n<p><strong>&#8211; Referent VG &#8211;<\/strong><br \/>\nSven-Michael Lienhop<br \/>\nUhlandstra\u00dfe 10<br \/>\n34233 Fuldatal<br \/>\nE-Mail: <a href=\"mailto:vgreferent@dmc-online.com\">VGreferent@dmc-online.com<\/a><\/p>\n<p><strong>&#8211; Referent OR8 &#8211;<\/strong><br \/>\nMarcus Krause<br \/>\nJunker J\u00f6rg Str. 5<br \/>\n99817 Eisenach<br \/>\nE-Mail: <a href=\"mailto:ORreferent@dmc-online.com\">ORreferent@dmc-online.com<\/a><\/p>\n<p><strong>&#8211; Referent VG5\/OR6 Grossmodelle &#8211;<\/strong><br \/>\nSteve Arendt<br \/>\nM\u00fchlenstr. 39<br \/>\n66706 Perl<br \/>\nE-Mail: <a href=\"mailto:grreferent@dmc-online.com\">GRreferent@dmc-online.com<\/a><\/p>\n<p><strong>&#8211; Referentin Jugend &#8211;<\/strong><br \/>\nAnke M\u00fcller<br \/>\nHubertusstr. 6<br \/>\n57234 Wilnsdorf<br \/>\nE-Mail: <a href=\"mailto:jugendreferent@dmc-online.com\">jugendreferent@dmc-online.com<\/a><\/p>\n<p><strong>&#8211; Sportkreisvorsitzender Mitte &#8211;<\/strong><br \/>\nJochem H. Carle<br \/>\nChattenstr. 5<br \/>\n35630 Ehringshausen<br \/>\nE-Mail: <a href=\"mailto:sportkreis-mitte@dmc-online.com\">sportkreis-mitte@dmc-online.com<\/a><\/p>\n<p><strong>&#8211; Sportkreisvorsitzender Nord &#8211;<\/strong><br \/>\nHeino M\u00fcller<br \/>\nBeim Riesenstein 7a<br \/>\n22393 Hamburg<br \/>\nE-Mail: <a href=\"mailto:sportkreis-nord@dmc-online.com\">sportkreis-nord@dmc-online.com<\/a><\/p>\n<p><strong>&#8211; Sportkreisvorsitzender West &#8211;<\/strong><br \/>\nEmil Kwasny<br \/>\nV\u00f6hdestr.32<br \/>\n59199 B\u00f6nen<br \/>\nE-Mail: <a href=\"mailto:sportkreis-west@dmc-online.com\">sportkreis-west@dmc-online.com<\/a><\/p>\n<p><strong>&#8211; Sportkreisvorsitzender S\u00fcd &#8211;<\/strong><br \/>\nThomas Mayer<br \/>\nZum Eichelberg 8<br \/>\n96050 Bamberg<br \/>\nE-Mail: <a href=\"mailto:sportkreis-sued@dmc-online.com\">sportkreis-sued@dmc-online.com<\/a><\/p>\n<p><strong>&#8211; Sportkreisvorsitzender Ost &#8211;<\/strong><br \/>\nFrank Morgenstern<br \/>\nBelziger Stra\u00dfe 75<br \/>\n10823 Berlin<br \/>\nE-Mail: <a href=\"mailto:sportkreis-ost@dmc-online.com\">sportkreis-ost@dmc-online.com<\/a><\/p>\n","protected":false},"excerpt":{"rendered":"<p>Mitglieder Pr\u00e4sidium &#8211; Pr\u00e4sident &#8211; Dirk Horn Gretenrade 31 24232 Sch\u00f6nkirchen E-Mail: praesident@dmc-online.com &#8211; Vizepr\u00e4sident &#8211; Thomas Kohmann Heinrichstr.34 96129 Strullendorf E-Mail: vizepraesident@dmc-online.com &#8211; Schatzmeisterin &#8211; Mandy Morgenstern E-Mail: schatzmeister@dmc-online.com &#8211; Schriftf\u00fchrer &#8211; Peter Leue Lindenallee 21 04442 Zwenkau E-Mail: schriftfuehrer@dmc-online.com &#8211; Referent EG &#8211; Matthias Lischke Walnu\u00dfweg 23 39116 Magdeburg E-Mail: EGreferent@dmc-online.com &#8211; Referent [&hellip;]<\/p>\n","protected":false},"author":1,"featured_media":0,"parent":10,"menu_order":20,"comment_status":"closed","ping_status":"open","template":"","meta":[],"_links":{"self":[{"href":"https:\/\/dmc-online.com\/wordpress\/wp-json\/wp\/v2\/pages\/46"}],"collection":[{"href":"https:\/\/dmc-online.com\/wordpress\/wp-json\/wp\/v2\/pages"}],"about":[{"href":"https:\/\/dmc-online.com\/wordpress\/wp-json\/wp\/v2\/types\/page"}],"author":[{"embeddable":true,"href":"https:\/\/dmc-online.com\/wordpress\/wp-json\/wp\/v2\/users\/1"}],"replies":[{"embeddable":true,"href":"https:\/\/dmc-online.com\/wordpress\/wp-json\/wp\/v2\/comments?post=46"}],"version-history":[{"count":78,"href":"https:\/\/dmc-online.com\/wordpress\/wp-json\/wp\/v2\/pages\/46\/revisions"}],"predecessor-version":[{"id":23424,"href":"https:\/\/dmc-online.com\/wordpress\/wp-json\/wp\/v2\/pages\/46\/revisions\/23424"}],"up":[{"embeddable":true,"href":"https:\/\/dmc-online.com\/wordpress\/wp-json\/wp\/v2\/pages\/10"}],"wp:attachment":[{"href":"https:\/\/dmc-online.com\/wordpress\/wp-json\/wp\/v2\/media?parent=46"}],"curies":[{"name":"wp","href":"https:\/\/api.w.org\/{rel}","templated":true}]}}