{"id":23165,"date":"2025-11-25T23:44:53","date_gmt":"2025-11-25T22:44:53","guid":{"rendered":"https:\/\/dmc-online.com\/wordpress\/?page_id=23165"},"modified":"2025-11-25T23:44:53","modified_gmt":"2025-11-25T22:44:53","slug":"ausschuss-reglement-2026","status":"publish","type":"page","link":"https:\/\/dmc-online.com\/wordpress\/ausschuss-reglement-2026\/","title":{"rendered":"Regelkommission &#8211; Vorschl\u00e4ge Reglement 2026"},"content":{"rendered":"<p>Sehr geehrte Mitglieder, Lizenznehmer und Interessierte,<br \/>\nheute sind die Ergebnisse der Regelkommission an die Teamleiter, Referenten und zust\u00e4ndige verteilt worden. Im Nachgang sind die Antr\u00e4ge gepackt zum Download hiterlegt.<\/p>\n<hr \/>\n<p>Ab diesem Jahr haben wir eine Umsetzungs\u00e4nderung f\u00fcr Entscheidung des Reglements 2026 am Sportbundtag vorgenommen.<br \/>\nDurch Diskussionen und Anregungen am letzten Sportbundtag und auch Einlassungen aus den Abstimmungen im Vorfeld wird es 2026 eine Ver\u00e4nderung zur Abstimmung geben!<\/p>\n<p>Durch die Regelkommission auf Einlassung und Diskussionen der jeweiligen Bearbeitungsebenen Sportkreisreferenten, Spartenreferenten und den Teilnehmern an Meetings und Umfragen wurde das Reglement f\u00fcr 2026 erarbeitet.<\/p>\n<p>Dieses wird dem Sportbundtag im Detail vorgestellt.<br \/>\nAllgemeine Antr\u00e4ge aus dem Teil A, werden im gesamten Plenum abgestimmt und<br \/>\ndie inhalte der Sektionen B-G in den jeweiligen Sektionssitzungen.<\/p>\n<p><span style=\"color: #ff0000;\">Entgegen der letzten Jahre, werden die Reglements Anpassungen nicht als Block abgestimmt, sondern jede Reglements\u00e4nderung oder Antrag einzeln. W\u00e4hrend des Abstimmungsprozesses besteht die M\u00f6glichkeit, jedem neuen Abschnitt des Reglements einzeln zuzustimmen oder ihn abzulehnen.<\/span><\/p>\n<p><span style=\"color: #ff0000;\">Eine \u00c4nderung des vorgestellten ist wie bisher nicht m\u00f6glich.<\/span><\/p>\n<p>Viel Spass beim schm\u00f6ckern<br \/>\nThomas Kohmann<\/p>\n<hr \/>\n<h2><em><strong>Antr\u00e4ge<\/strong><\/em><\/h2>\n<h4><em><strong>** Antr\u00e4ge Allgemeiner Teil\u00a0 \u00a0&gt;&gt;\u00a0 <\/strong><\/em><a href=\"https:\/\/dmc-online.com\/wordpress\/wp-content\/uploads\/2025\/11\/Teil-A.zip\">&#8212; Teil A<\/a><\/h4>\n<h4><em><strong>**Antr\u00e4ge Teil B &#8211; Sektion Verbrenner Glattbahn\u00a0<\/strong><\/em>&gt;&gt;\u00a0<a href=\"https:\/\/dmc-online.com\/wordpress\/wp-content\/uploads\/2025\/11\/Teil-B.zip\">&#8212; Teil B<\/a><\/h4>\n<h4><em><strong>** Antr\u00e4ge Teil C &#8211; Sektion Off Road &gt;&gt; <a href=\"https:\/\/dmc-online.com\/wordpress\/wp-content\/uploads\/2025\/11\/Teil-C.zip\">&#8212; Teil C<\/a><\/strong><\/em><\/h4>\n<h4><em><strong>**Antr\u00e4ge Teile D &#8211; Sektion Gro\u00dfmodelle VG5 &gt;&gt; <a href=\"https:\/\/dmc-online.com\/wordpress\/wp-content\/uploads\/2025\/11\/Teil-D.zip\">&#8212; Teil D<\/a><\/strong><\/em><\/h4>\n<h4><em><strong>**Antr\u00e4ge Teil E &#8211; Sektion Gro\u00dfmodelle Offroad &gt;&gt; Keine\u00a0<\/strong><\/em><\/h4>\n<h4><em><strong>**Antr\u00e4ge Teil F &#8211; Sektion Elektro Glattbahn EG 1\/12 &#8211; 1\/10 \/ EG8e &gt;&gt; <a href=\"https:\/\/dmc-online.com\/wordpress\/wp-content\/uploads\/2025\/11\/Teil-F.zip\">&#8212; Teil F<\/a><br \/>\n<a href=\"https:\/\/dmc-online.com\/wordpress\/wp-content\/uploads\/2025\/11\/F05-F-5.1.2-S156-157-Sicherheit_akkunutzung_alle_E_DMC2026_V5_251121-2229_FINAL.html\">Seitezahl F05-F-5.1.2-S156-157-<\/a>Sicherheit_akkunutzung_alle_E<br \/>\n<\/strong><\/em><\/h4>\n<h4><em><strong>**Antr\u00e4ge Teil F &#8211; Sektion Elektro Glattbahn EGGT8 &#8211; <a href=\"https:\/\/dmc-online.com\/wordpress\/wp-content\/uploads\/2025\/11\/Teil-F-EG-8-GT8.zip\">&#8212; Teil F &#8211; EG 8 &#8211; GT8<\/a>\u00a0<\/strong><\/em><\/h4>\n<h4><em><strong>**Antr\u00e4ge Teil G &#8211; Sektion Elektro Off-Road &gt;&gt;\u00a0<\/strong><\/em> <a href=\"https:\/\/dmc-online.com\/wordpress\/wp-content\/uploads\/2025\/11\/Teil-G.zip\">&#8212; Teil G<\/a><\/h4>\n<h2><em><strong>Offene Themen<\/strong><\/em><\/h2>\n<p><a href=\"https:\/\/dmc-online.com\/wordpress\/wp-content\/uploads\/2025\/11\/Sonstiges.zip\">&gt;&gt;&gt;&gt;&gt; Sonstiges<\/a><\/p>\n<p><a href=\"https:\/\/dmc-online.com\/wordpress\/wp-content\/uploads\/2025\/11\/Haushalt.zip\">&gt;&gt;&gt;&gt; Haushalt<\/a><\/p>\n<p>&nbsp;<\/p>\n<hr \/>\n<h4><\/h4>\n<h4><em><strong>\u00a0<\/strong><\/em><\/h4>\n<h4><em><strong>\u00a0<\/strong><\/em><\/h4>\n<h4><em><strong>\u00a0<\/strong><\/em><\/h4>\n","protected":false},"excerpt":{"rendered":"<p>Sehr geehrte Mitglieder, Lizenznehmer und Interessierte, heute sind die Ergebnisse der Regelkommission an die Teamleiter, Referenten und zust\u00e4ndige verteilt worden. Im Nachgang sind die Antr\u00e4ge gepackt zum Download hiterlegt. Ab diesem Jahr haben wir eine Umsetzungs\u00e4nderung f\u00fcr Entscheidung des Reglements 2026 am Sportbundtag vorgenommen. Durch Diskussionen und Anregungen am letzten Sportbundtag und auch Einlassungen aus [&hellip;]<\/p>\n","protected":false},"author":2,"featured_media":0,"parent":0,"menu_order":0,"comment_status":"closed","ping_status":"closed","template":"","meta":[],"_links":{"self":[{"href":"https:\/\/dmc-online.com\/wordpress\/wp-json\/wp\/v2\/pages\/23165"}],"collection":[{"href":"https:\/\/dmc-online.com\/wordpress\/wp-json\/wp\/v2\/pages"}],"about":[{"href":"https:\/\/dmc-online.com\/wordpress\/wp-json\/wp\/v2\/types\/page"}],"author":[{"embeddable":true,"href":"https:\/\/dmc-online.com\/wordpress\/wp-json\/wp\/v2\/users\/2"}],"replies":[{"embeddable":true,"href":"https:\/\/dmc-online.com\/wordpress\/wp-json\/wp\/v2\/comments?post=23165"}],"version-history":[{"count":2,"href":"https:\/\/dmc-online.com\/wordpress\/wp-json\/wp\/v2\/pages\/23165\/revisions"}],"predecessor-version":[{"id":23190,"href":"https:\/\/dmc-online.com\/wordpress\/wp-json\/wp\/v2\/pages\/23165\/revisions\/23190"}],"wp:attachment":[{"href":"https:\/\/dmc-online.com\/wordpress\/wp-json\/wp\/v2\/media?parent=23165"}],"curies":[{"name":"wp","href":"https:\/\/api.w.org\/{rel}","templated":true}]}}