{"id":1851,"date":"2014-01-13T19:53:55","date_gmt":"2014-01-13T18:53:55","guid":{"rendered":"http:\/\/dmc-online\/wordpress\/?page_id=1851"},"modified":"2014-01-13T19:54:16","modified_gmt":"2014-01-13T18:54:16","slug":"sportkreis-sued-infos-ore","status":"publish","type":"page","link":"https:\/\/dmc-online.com\/wordpress\/sportkreise\/sportkreis-sued\/sportkreis-sued-infos-ore\/","title":{"rendered":"Infos ORE S\u00fcd"},"content":{"rendered":"<p><strong>F\u00fcr den Sportkreis S\u00fcd gibt es f\u00fcr diese Klasse bis jetzt keine besonderen Bestimmungen.<\/strong><\/p>\n","protected":false},"excerpt":{"rendered":"<p>F\u00fcr den Sportkreis S\u00fcd gibt es f\u00fcr diese Klasse bis jetzt keine besonderen Bestimmungen.<\/p>\n","protected":false},"author":3,"featured_media":0,"parent":25,"menu_order":0,"comment_status":"closed","ping_status":"open","template":"page_infossk.php","meta":[],"_links":{"self":[{"href":"https:\/\/dmc-online.com\/wordpress\/wp-json\/wp\/v2\/pages\/1851"}],"collection":[{"href":"https:\/\/dmc-online.com\/wordpress\/wp-json\/wp\/v2\/pages"}],"about":[{"href":"https:\/\/dmc-online.com\/wordpress\/wp-json\/wp\/v2\/types\/page"}],"author":[{"embeddable":true,"href":"https:\/\/dmc-online.com\/wordpress\/wp-json\/wp\/v2\/users\/3"}],"replies":[{"embeddable":true,"href":"https:\/\/dmc-online.com\/wordpress\/wp-json\/wp\/v2\/comments?post=1851"}],"version-history":[{"count":1,"href":"https:\/\/dmc-online.com\/wordpress\/wp-json\/wp\/v2\/pages\/1851\/revisions"}],"predecessor-version":[{"id":1852,"href":"https:\/\/dmc-online.com\/wordpress\/wp-json\/wp\/v2\/pages\/1851\/revisions\/1852"}],"up":[{"embeddable":true,"href":"https:\/\/dmc-online.com\/wordpress\/wp-json\/wp\/v2\/pages\/25"}],"wp:attachment":[{"href":"https:\/\/dmc-online.com\/wordpress\/wp-json\/wp\/v2\/media?parent=1851"}],"curies":[{"name":"wp","href":"https:\/\/api.w.org\/{rel}","templated":true}]}}