{"id":1792,"date":"2014-01-13T17:06:58","date_gmt":"2014-01-13T16:06:58","guid":{"rendered":"http:\/\/dmc-online\/wordpress\/?page_id=1792"},"modified":"2019-05-26T22:02:19","modified_gmt":"2019-05-26T20:02:19","slug":"sportkreis-mitte-infos-or8","status":"publish","type":"page","link":"https:\/\/dmc-online.com\/wordpress\/sportkreise\/sportkreis-mitte\/sportkreis-mitte-infos-or8\/","title":{"rendered":"Infos OR8 Mitte"},"content":{"rendered":"<p><strong>1.2.2 Reifenreglement<\/strong><br \/>\n<strong>1.2.2.1<\/strong> F\u00fcr die Klassen OR8 Hobby, ORE8 und Jugendlauf, sind ausschlie\u00dflich folgende Reifen zugelassen:<br \/>\na) Hauptreifen: 6mik- Rapid 018 &#8211; soft<br \/>\nb) Ersatzreifen: 6mik- Bandit 018 \u2013 soft<br \/>\nc) F\u00fcr die Gruppe Expert gibt es keine Beschr\u00e4nkung der Reifen (Anzahl, Profil und Mischung).<br \/>\n<strong>1.2.2.2<\/strong> Ausgabe der zur Veranstaltung zugelassenen Reifen:<br \/>\nDie Ausgabe der Reifen ist immer vor Ort bei der jeweiligen Rennveranstaltung,Samstag zwischen 12:30 Uhr und 13:30 Uhr, Sonntag von 8.30 Uhr bis 8.45 Uhr.Verkaufspreis: 30,&#8211; \u20ac pro Satz (4 fertig verklebte Reifen), die Zahlung der Reifen erfolgt vor Ort in bar (wenn m\u00f6glich bitte den Betrag passend bereithalten).<br \/>\n<strong>1.2.2.3<\/strong> OR8 Hobby + ORE8: Pro Teilnehmer k\u00f6nnen maximal zwei Reifens\u00e4tzen (2 x 4 St\u00fcck.)<br \/>\nam Rennwochenende erworben und eingesetzt werden.<br \/>\nOR8 Expert: Es kann eine beliebige Anzahl an Reifen verwendet werden.<br \/>\n<strong>1.2.2.4<\/strong> Die Reifen werden mit einem farbigen Sicherheitsaufkleber (mit Startnummer)<br \/>\nversehen bzw. farblich gekennzeichnet. Die erworbenen und gekennzeichneten Reifens\u00e4tze (maximal 2 S\u00e4tze) m\u00fcssen an dieser Veranstaltung ab dem ersten Vorlauf verwendet werden.<br \/>\n<strong>1.2.2.5<\/strong> Reifen, die bei einem vorherigen HC-Rennen erworben wurden und bereits eine\u00a0Kennzeichnung haben, k\u00f6nnen f\u00fcr einen anderen Lauf, an dem der entsprechende<br \/>\nReifen zugelassen ist, erneut verwendet werden. Hierzu werden diese Reifen f\u00fcr die aktuelle Veranstaltung neu gekennzeichnet. Die maximale Anzahl Reifens\u00e4tze darf jedoch nicht \u00fcberschritten werden.<br \/>\n<strong>1.2.2.6<\/strong> Nach jedem gefahrenen Lauf m\u00fcssen die Fahrzeuge (im kompletten Zustand) im<br \/>\nParc-Ferm\u00e9 abgestellt werden. Falsch oder nicht korrekt gekennzeichnete Reifen(falsche Startnummer \/ keine \u00dcbereinstimmung von Startnummer-Karosserie-Reifen) f\u00fchren zur Disqualifikation von der Rennveranstaltung.<br \/>\n<strong>1.2.2.7<\/strong> Das Training sind vom Reifenreglement ausgenommen.<br \/>\n<strong>1.2.2.8<\/strong> Beim ersten und zweiten HC-Lauf der Saison kann vor Ort (zu Trainingszwecken) ein<br \/>\nSatz (4 fertig verklebte Reifen) zus\u00e4tzlich zu den regul\u00e4ren Reifens\u00e4tzen zum Preis von<br \/>\n30,&#8211; \u20ac k\u00e4uflich erworben werden. Der Verkauf erfolgt am Samstag zwischen 9.00 Uhr<br \/>\nund 9.30 Uhr. Dieser Reifen erh\u00e4lt keine Kennzeichnung, kann aber bei Bedarf f\u00fcr diese<br \/>\nVeranstaltung nachtr\u00e4glich gekennzeichnet werden.<br \/>\n<strong>1.2.2.9<\/strong> Im Falle von Qualit\u00e4tsm\u00e4ngeln oder anhaltenden Lieferschwierigkeiten seitens des<br \/>\nHerstellers kann durch das Gremium (HC-Vorsitzender und SK-Referent) ein andere<br \/>\nReifen f\u00fcr den Rest der Saison homologiert werden. Die Auswahl des Reifens<br \/>\n(Hersteller, Profil sowie Mischung) obliegt dem Gremium. Der Verkaufspreis des<br \/>\nurspr\u00fcnglichen Reifens wird nicht \u00fcberschritten.<\/p>\n","protected":false},"excerpt":{"rendered":"<p>1.2.2 Reifenreglement 1.2.2.1 F\u00fcr die Klassen OR8 Hobby, ORE8 und Jugendlauf, sind ausschlie\u00dflich folgende Reifen zugelassen: a) Hauptreifen: 6mik- Rapid 018 &#8211; soft b) Ersatzreifen: 6mik- Bandit 018 \u2013 soft c) F\u00fcr die Gruppe Expert gibt es keine Beschr\u00e4nkung der Reifen (Anzahl, Profil und Mischung). 1.2.2.2 Ausgabe der zur Veranstaltung zugelassenen Reifen: Die Ausgabe der [&hellip;]<\/p>\n","protected":false},"author":3,"featured_media":0,"parent":20,"menu_order":0,"comment_status":"closed","ping_status":"open","template":"page_infossk.php","meta":[],"_links":{"self":[{"href":"https:\/\/dmc-online.com\/wordpress\/wp-json\/wp\/v2\/pages\/1792"}],"collection":[{"href":"https:\/\/dmc-online.com\/wordpress\/wp-json\/wp\/v2\/pages"}],"about":[{"href":"https:\/\/dmc-online.com\/wordpress\/wp-json\/wp\/v2\/types\/page"}],"author":[{"embeddable":true,"href":"https:\/\/dmc-online.com\/wordpress\/wp-json\/wp\/v2\/users\/3"}],"replies":[{"embeddable":true,"href":"https:\/\/dmc-online.com\/wordpress\/wp-json\/wp\/v2\/comments?post=1792"}],"version-history":[{"count":5,"href":"https:\/\/dmc-online.com\/wordpress\/wp-json\/wp\/v2\/pages\/1792\/revisions"}],"predecessor-version":[{"id":9263,"href":"https:\/\/dmc-online.com\/wordpress\/wp-json\/wp\/v2\/pages\/1792\/revisions\/9263"}],"up":[{"embeddable":true,"href":"https:\/\/dmc-online.com\/wordpress\/wp-json\/wp\/v2\/pages\/20"}],"wp:attachment":[{"href":"https:\/\/dmc-online.com\/wordpress\/wp-json\/wp\/v2\/media?parent=1792"}],"curies":[{"name":"wp","href":"https:\/\/api.w.org\/{rel}","templated":true}]}}